{"id":21,"date":"2018-08-14T20:20:35","date_gmt":"2018-08-14T18:20:35","guid":{"rendered":"http:\/\/lesvoyageursenthousiastes.eu\/?page_id=21"},"modified":"2022-12-10T21:11:47","modified_gmt":"2022-12-10T20:11:47","slug":"a-propos-de","status":"publish","type":"page","link":"https:\/\/lesvoyageursenthousiastes.eu\/index.php\/a-propos-de\/","title":{"rendered":"Qui sommes-nous ?"},"content":{"rendered":"<p><strong>Marcheurs curieux (randonneurs ? p\u00e8lerins ?) et imp\u00e9nitents, nous avons parcouru le chemin de Compostelle au d\u00e9part du Puy, celui de Rome, celui de St Martin depuis la Hongrie, test\u00e9 <a href=\"http:\/\/lesvoyageursenthousiastes.eu\/index.php\/le-desert-libyen\/\">le grand d\u00e9sert libyen<\/a> et <a href=\"http:\/\/lesvoyageursenthousiastes.eu\/index.php\/le-wadi-rum-en-jordanie\/\">le Wadi Rum jordanien<\/a>. <\/strong><\/p>\n<p><strong>Nouveaux retrait\u00e9s, nous sommes retourn\u00e9s \u00e0 Compostelle en 2017 au d\u00e9part de l&rsquo;abbaye de Beauport en suivant le Camino Norte pour la partie espagnole. Nous avons emprunt\u00e9 le chemin montois du Mans au Mont Saint Michel d\u00e9but septembre 2018.<\/strong><\/p>\n<p><strong>Et il y en a plein d\u2019autres projets dans les cartons, dont celui qui, sur les pas (hypoth\u00e9tiques) de Pierre, nous conduirait de Capharna\u00fcm \u00e0 Rome \u2026..\u00a0 qui sait ? tant que nous pourrons mettre un pied devant l\u2019autre&#8230;&#8230;..<\/strong><\/p>\n<pre><span style=\"color: #800000;\"><strong>Le petit p\u00e8lerin que vous pouvez voir en vignettes est celui qui se situe \u00e0 la sortie de L\u00e9on plus pr\u00e9cis\u00e9ment \u00e0 la Virgen del Camino. Pris en photo, il est devenu notre embl\u00e8me et le tampon \"ex libris\" de notre biblioth\u00e8que.<\/strong><\/span><\/pre>\n<p><a href=\"http:\/\/lesvoyageursenthousiastes.eu\/wp-content\/uploads\/2018\/08\/P\u00e8lerin-Copie-1.jpg\"><img loading=\"lazy\" decoding=\"async\" class=\"size-full wp-image-231 aligncenter\" src=\"http:\/\/lesvoyageursenthousiastes.eu\/wp-content\/uploads\/2018\/08\/P\u00e8lerin-Copie-1.jpg\" alt=\"\" width=\"51\" height=\"60\" \/><\/a><\/p>\n\n\n<p class=\"has-text-align-center\"><a href=\"http:\/\/lesvoyageursenthousiastes.eu\/index.php\/contact\/\">Pour nous contacter<\/a><\/p>\n","protected":false},"excerpt":{"rendered":"<p>Marcheurs curieux (randonneurs ? p\u00e8lerins ?) et imp\u00e9nitents, nous avons parcouru le chemin de Compostelle au d\u00e9part du Puy, celui de Rome, celui de St Martin depuis la Hongrie, test\u00e9 le grand d\u00e9sert libyen et le Wadi Rum jordanien. Nouveaux retrait\u00e9s, nous sommes retourn\u00e9s \u00e0 Compostelle en 2017 au d\u00e9part de l&rsquo;abbaye de Beauport en &hellip; <a href=\"https:\/\/lesvoyageursenthousiastes.eu\/index.php\/a-propos-de\/\" class=\"more-link\">Continuer la lecture de <span class=\"screen-reader-text\">Qui sommes-nous ?<\/span><\/a><\/p>\n","protected":false},"author":1,"featured_media":282,"parent":0,"menu_order":0,"comment_status":"closed","ping_status":"closed","template":"","meta":{"footnotes":""},"_links":{"self":[{"href":"https:\/\/lesvoyageursenthousiastes.eu\/index.php\/wp-json\/wp\/v2\/pages\/21"}],"collection":[{"href":"https:\/\/lesvoyageursenthousiastes.eu\/index.php\/wp-json\/wp\/v2\/pages"}],"about":[{"href":"https:\/\/lesvoyageursenthousiastes.eu\/index.php\/wp-json\/wp\/v2\/types\/page"}],"author":[{"embeddable":true,"href":"https:\/\/lesvoyageursenthousiastes.eu\/index.php\/wp-json\/wp\/v2\/users\/1"}],"replies":[{"embeddable":true,"href":"https:\/\/lesvoyageursenthousiastes.eu\/index.php\/wp-json\/wp\/v2\/comments?post=21"}],"version-history":[{"count":22,"href":"https:\/\/lesvoyageursenthousiastes.eu\/index.php\/wp-json\/wp\/v2\/pages\/21\/revisions"}],"predecessor-version":[{"id":646,"href":"https:\/\/lesvoyageursenthousiastes.eu\/index.php\/wp-json\/wp\/v2\/pages\/21\/revisions\/646"}],"wp:featuredmedia":[{"embeddable":true,"href":"https:\/\/lesvoyageursenthousiastes.eu\/index.php\/wp-json\/wp\/v2\/media\/282"}],"wp:attachment":[{"href":"https:\/\/lesvoyageursenthousiastes.eu\/index.php\/wp-json\/wp\/v2\/media?parent=21"}],"curies":[{"name":"wp","href":"https:\/\/api.w.org\/{rel}","templated":true}]}}