{"id":2,"date":"2018-08-13T15:57:21","date_gmt":"2018-08-13T13:57:21","guid":{"rendered":"http:\/\/lesvoyageursenthousiastes.eu\/?page_id=2"},"modified":"2025-05-30T14:53:07","modified_gmt":"2025-05-30T12:53:07","slug":"page-d-exemple","status":"publish","type":"page","link":"https:\/\/lesvoyageursenthousiastes.eu\/","title":{"rendered":"Les voyageurs enthousiastes"},"content":{"rendered":"\n<div class=\"wp-block-buttons is-layout-flex wp-block-buttons-is-layout-flex\">\n<div class=\"wp-block-button aligncenter\"><a class=\"wp-block-button__link has-text-align-center wp-element-button\" href=\"http:\/\/lesvoyageursenthousiastes.eu\/index.php\/les-voyageurs-enthousiastes\/\">Entrez<\/a><\/div>\n<\/div>\n\n\n<div class=\"wp-block-image\">\n<figure class=\"aligncenter size-full is-resized\"><img loading=\"lazy\" decoding=\"async\" width=\"102\" height=\"120\" src=\"http:\/\/lesvoyageursenthousiastes.eu\/wp-content\/uploads\/2018\/08\/P\u00e8lerin-Copie.jpg\" alt=\"\" class=\"wp-image-230\" style=\"width:182px;height:214px\"\/><\/figure><\/div>\n\n\n<p class=\"has-text-align-center has-medium-pink-color has-text-color has-small-font-size\"><em><mark style=\"background-color:rgba(0, 0, 0, 0)\" class=\"has-inline-color has-vivid-red-color\">Site mis \u00e0 jour le <\/mark>22 mai 2025<\/em><\/p>\n\n\n\n<p class=\"has-text-align-center has-medium-pink-color has-text-color\"><a href=\"https:\/\/sites.google.com\/view\/de-treves-a-tours\/accueil\">Tr\u00e8ves &#8211; Reims &#8211; juin 2024<\/a><\/p>\n\n\n\n<p class=\"has-text-align-center\"><a href=\"https:\/\/sites.google.com\/view\/de-treves-a-tours\/c-de-reims-%C3%A0-troyes\">Reims &#8211; Orl\u00e9ans &#8211; juin 20<\/a>25<\/p>\n","protected":false},"excerpt":{"rendered":"<p>Site mis \u00e0 jour le 22 mai 2025 Tr\u00e8ves &#8211; Reims &#8211; juin 2024 Reims &#8211; Orl\u00e9ans &#8211; juin 2025<\/p>\n","protected":false},"author":1,"featured_media":709,"parent":20,"menu_order":0,"comment_status":"closed","ping_status":"open","template":"","meta":{"footnotes":""},"_links":{"self":[{"href":"https:\/\/lesvoyageursenthousiastes.eu\/index.php\/wp-json\/wp\/v2\/pages\/2"}],"collection":[{"href":"https:\/\/lesvoyageursenthousiastes.eu\/index.php\/wp-json\/wp\/v2\/pages"}],"about":[{"href":"https:\/\/lesvoyageursenthousiastes.eu\/index.php\/wp-json\/wp\/v2\/types\/page"}],"author":[{"embeddable":true,"href":"https:\/\/lesvoyageursenthousiastes.eu\/index.php\/wp-json\/wp\/v2\/users\/1"}],"replies":[{"embeddable":true,"href":"https:\/\/lesvoyageursenthousiastes.eu\/index.php\/wp-json\/wp\/v2\/comments?post=2"}],"version-history":[{"count":84,"href":"https:\/\/lesvoyageursenthousiastes.eu\/index.php\/wp-json\/wp\/v2\/pages\/2\/revisions"}],"predecessor-version":[{"id":750,"href":"https:\/\/lesvoyageursenthousiastes.eu\/index.php\/wp-json\/wp\/v2\/pages\/2\/revisions\/750"}],"up":[{"embeddable":true,"href":"https:\/\/lesvoyageursenthousiastes.eu\/index.php\/wp-json\/wp\/v2\/pages\/20"}],"wp:featuredmedia":[{"embeddable":true,"href":"https:\/\/lesvoyageursenthousiastes.eu\/index.php\/wp-json\/wp\/v2\/media\/709"}],"wp:attachment":[{"href":"https:\/\/lesvoyageursenthousiastes.eu\/index.php\/wp-json\/wp\/v2\/media?parent=2"}],"curies":[{"name":"wp","href":"https:\/\/api.w.org\/{rel}","templated":true}]}}